*h**3 + 9*h**2 - h**3. Determine t(-8).
-4
Let w(t) be the third derivative of 11*t**2 - 1/120*t**6 - 1/15*t**5 + 0 + 0*t + 1/3*t**4 + 7/6*t**3. Give w(-5).
-8
Let n(d) be the third derivative of -d**4/24 - 5*d**3/2 - 4*d**2 + 11. Give n(-9).
-6
Let n(h) = -6113 - h**2 + 2*h - 3*h**2 + 6114 - 2*h. Determine n(-1).
-3
Let g(a) = -a**2 + 8*a. Let o(b) = 2*b**2 - 30*b. Let i(z) = -3*g(z) - o(z). Give i(-6).
0
Let t(b) = -4*b**2 - 4*b - 9. Let s(o) = 17*o**2 - o + 8 + 6*o - 14*o**2. Let a(j) = -3*s(j) - 2*t(j). Calculate a(-7).
-6
Suppose -10 = -6*x + 11*x. Let q be ((-3 - -2) + x)*1. Let o(z) = z**3 + 2*z**2 - 3*z + 1. Calculate o(q).
1
Let n(h) be the second derivative of h**3/3 + 15*h**2 - 166*h. What is n(-11)?
8
Let x(l) be the second derivative of -l**4/12 + l**3/3 + 5*l**2/2 + l. Let v = -28 - -1. Let o = -23 - v. Give x(o).
-3
Let z(f) = -f**2 + 9*f - 5. Let b be z(8). Let w(n) = -4*n + 3. Calculate w(b).
-9
Let x(o) be the third derivative of 11*o**6/40 + o**5/30 + o**4/24 + 86*o**2 - o. What is x(-1)?
-32
Suppose -15*x = 82 + 38. Let p(w) = w**3 + 8*w**2 - 3*w - 19. Give p(x).
5
Let q(p) = -2*p**2 + 6*p - 5*p - p + 1 - 7*p. Let d(f) = -5*f**2 - 20*f + 4. Let a(y) = -3*d(y) + 8*q(y). Calculate a(6).
-16
Let d(h) = -6*h**2 + 3*h**2 + 2*h**2. Let x(s) = -5*s + 15. Let v be x(6). Let u = 15 + v. Determine d(u).
0
Let f(t) be the third derivative of t**4/6 - 5*t**3/3 + 8*t**2. Suppose -56 = 128*j - 136*j. Determine f(j).
18
Let g(b) = -b - 14. Let v be g(-8). Let x(j) be the third derivative of -j**5/60 - j**4/4 - 3*j**2. What is x(v)?
0
Let f(z) = z**3 - 8*z**2 + 7*z. Let d = -27 - -35. Let s be (d/8)/((-2)/(-14)). Determine f(s).
0
Let f(m) = -m**3 + 4*m**2 + 3*m - 1. Suppose 0 = -2*y + 4*h - h + 92, -y - 4*h + 68 = 0. Let g be (8/1)/(8/y). Let u be g/12 + 6/9. What is f(u)?
-11
Let g(d) = 1 + 6*d - 5*d + 0*d. Let f(n) be the first derivative of 8*n + 376. Let m(o) = -f(o) + g(o). Calculate m(0).
-7
Let f = 3 + 1. Suppose -f*r = -5*r. Suppose r = 4*a + 5*g + 22, 4*a + 2 = 4*g + g. Let s(x) = -x**2 - 2*x + 1. Give s(a).
-2
Suppose -i + 4 = -1. Suppose 4*n - 3 = i. Let h(j) = 4*j - 2*j**2 - 6*j**2 + 9*j**n + 0 - 3. Calculate h(2).
9
Let q(c) = -c**3 + 5*c**2 - 3*c + 3. Suppose 4*s = 5*a - 36, -2*a = 2*s + 11 - 29. Let g(i) = i**2 - 10*i + 4. Let h be g(a). Let n = -9 - h. Determine q(n).
12
Let o(b) = -4*b - 2. Suppose 20*z - 3*z + 0*z = 0. Suppose -3*a + 12 = 0, -3*x + 0*x = 5*a - 56. Suppose z = -5*s + 2 - x. Calculate o(s).
6
Let m(u) be the first derivative of 4*u + 8 - 1/3*u**3 + 3/2*u**2. Give m(4).
0
Suppose 0*s + s = 4*n + 23, 0 = -3*s - 3*n + 24. Let k(p) = -1 + 5*p - 3*p + s + 1. Calculate k(-8).
-5
Suppose -974*a = -946*a - 112. Suppose -i + 5 = 2. Let l(j) = -7 - j**3 + i*j**2 + 5*j + 1 + 1. What is l(a)?
-1
Let a(j) = -6*j**3 - j**2. Suppose -c - 5 = 3*m, 14*c - 13 = 5*m + 11*c. Determine a(m).
44
Let c(g) be the second derivative of g**5/20 - g**4/2 + g**3/2 + 7*g**2/2 - 269*g. What is c(5)?
-3
Let x(c) = -c**2 + 3*c. Let j be -3 + 4 + (2 - -2). Suppose 0*b = b - j. Give x(b).
-10
Let i(b) = b**2 - 6*b - 1. Let f(u) = 3*u**2 - 2*u - 17. Let a(o) = f(o) - 4*i(o). Give a(21).
8
Let m(i) be the first derivative of -i**3/3 - 2*i**2 + 8*i + 48. Let w be (1 - 6)*18/15. Give m(w).
-4
Let a(n) = -4*n**2. Let x be ((-2)/(-3))/((-2)/(-12)). Let z = -266 + 268. Suppose -h + 6 = 2*h + x*m, -2*m = z*h - 4. Calculate a(h).
-16
Let w(s) = 9*s - 25. Let z(a) = -14*a + 49. Let f(n) = 7*w(n) + 4*z(n). Determine f(-4).
-7
Suppose -2*b = -b - 2. Let n(v) = 2*v - 11. Let p be n(8). Let o(m) = 5*m - m**b - p*m + 3 + 0*m. Determine o(0).
3
Let j(g) be the third derivative of g**5/60 - g**4/12 + g**3/2 - g**2 + 45*g. Give j(3).
6
Let z(o) = -o - 4. Suppose -3*q + 5*i = 2*i - 33, 9 = 4*q + 3*i. Let r be 2 - (2 + q/1 - 1). Give z(r).
1
Let h = 147 - 141. Let t(x) = -x**2 + 5*x + 9. Determine t(h).
3
Let f(v) = 3*v - 119 + 226 - 2*v - 119 - 3*v. Give f(-10).
8
Let z(h) = 9*h**2 - 7*h - 3. Let p(l) = 19*l**2 - 28*l + 1. Let s(v) = -5*v**2 + 7*v. Let d(r) = -2*p(r) - 9*s(r). Let n(c) = -5*d(c) + 4*z(c). Calculate n(-7).
-2
Let z(f) be the second derivative of -f**5/20 + f**4/4 - f**2/2 - f. Let h = 4080 - 4079. What is z(h)?
1
Let n(m) be the second derivative of -m**3/3 + m. Suppose 5*g - 3*y = 2*g + 15, 2*y + 10 = 5*g. Suppose g = l + w - 1 + 3, 0 = -2*l - w - 5. What is n(l)?
6
Let y(d) = 1502*d + 4*d**2 - 2*d**2 - 31 - 3*d**2 - 1522*d. Determine y(-18).
5
Let h = 1 - -4. Let q(c) = -25*c - 27*c - 1 - h + 53*c. Give q(5).
-1
Let d(h) = h**2 - h + 4. Let i be -1*(3 + -4) + -9. Let c(y) = -3*y**2 + 4*y - 11. Let s(b) = i*d(b) - 3*c(b). What is s(3)?
-2
Let z be (2/4)/((-2)/72). Let y be 15/(-2)*12/z. Suppose 4*s = -4*d - 4, -4*d - 5 = y*s - 0. Let o(x) = x + 1. What is o(d)?
1
Let s(b) = 3*b - 2. Let k(l) = -2*l**3 - l**2 + 11*l - 3. Let o be k(0). Calculate s(o).
-11
Let n(c) be the first derivative of 9*c**2 - c - 108. Suppose -p + 10 = -h - 4*p, 0 = 3*h + 3*p + 12. Calculate n(h).
-19
Let w(x) = x - 7. Let g be (99/(-72) - (-6)/16)*-6. Give w(g).
-1
Let s(v) = v**3 + 6*v**2 + 5*v - 1. Let l(p) = p**2 - 9*p + 7. Let g be l(8). Let b be g - -1 - -1 - -3. Let u be (-18)/b - 1/2. Determine s(u).
-1
Let o(a) = 19*a + 1. Suppose -3*q = 4*w + q - 20, -w + 5*q = 19. Let g be o(w). Let y(b) = -4 - 17*b - 1 + g*b. Determine y(4).
7
Let c(n) be the first derivative of 8*n**3/3 + n**2 - n - 32. Determine c(1).
9
Let t be (5/20)/(2/24). Let o(p) = p - 5*p**2 + 3 + 2*p**t - 3*p**3 - p**2 + 2*p**2. What is o(-4)?
-1
Let i(s) be the first derivative of 3/2*s**2 + s + 1/4*s**4 - 11 + 2/3*s**3. Let f(h) = h + 5. Let d be f(-7). What is i(d)?
-5
Suppose 0 = -23*a - 11 - 58. Let f(y) = -2*y**2 - 7*y + 1. What is f(a)?
4
Suppose -t - 7*r - 8 = -2*r, 3*r = 2*t - 36. Let m be ((t/15)/(-1))/(1/(-10)). Let a(b) = -b**2 + 10*b - 10. Give a(m).
6
Let a(q) be the first derivative of 3/2*q**2 + 5/3*q**3 - 1/4*q**4 + 7*q - 9. Give a(5).
22
Suppose -16 = -14*o + 6*o. Let x(k) = -k**3 - 4*k**2 + 6*k + 7. Let m be x(-5). Let r(s) = -s - 1 - m*s - s. Give r(o).
-9
Suppose 8 = -x + 2. Let y(r) = 740*r + 2 - r**2 + 748*r - 1494*r. Calculate y(x).
2
Let v(i) be the second derivative of -i**3/6 + 38*i. Let l = 16 - 10. What is v(l)?
-6
Let o be (-21)/(-12) - (-3)/12. Suppose o*n = -0*n + 46. Let h = n + -17. Let y(v) = v**3 - 5*v**2 - 5*v - 5. What is y(h)?
1
Let d(a) = -a**3 - 21*a**2 - a - 13. Let v be d(-21). Let f(s) = s**2 - 7*s + 1. What is f(v)?
9
Let x(r) = r**3 - 11*r**2 - 13*r + 7. Let g = 264 + -252. Determine x(g).
-5
Let c(b) be the second derivative of b**3/6 + 7*b**2/2 - 198*b. Suppose 4*i + 0*g + 3*g = -15, -5*i - g = 5. Let d be (4 - i)/(10/(-15)). What is c(d)?
1
Let g(l) be the third derivative of l**5/60 + 3*l**4/4 - 9*l**3/2 + 3*l**2 + 14*l. Determine g(-19).
-8
Let t(i) = i**3 - 291 + 22*i**2 - 293 + 852 - 286 + 20*i. Determine t(-21).
3
Let i(p) = p**3 - p**2 - 9. Let b(q) = q**2 - 36*q. Let l be b(36). Calculate i(l).
-9
Let d(o) = -o**2 + 5*o + 3. Let r be 30/(-4)*(-8)/12. Determine d(r).
3
Let m(s) = -s**3 + 10*s**2 - 20*s + 87. Let v be m(9). Let y(x) = -x**2 - 9*x + 15. Determine y(v).
-21
Let q(z) = z - 10. Suppose 5*h = 5, 5*j - h + 17 = -14. Let g = j - -17. Let t = g + -11. What is q(t)?
-10
Let r(i) = -i**2 + 5*i. Let m = -66 - -71. What is r(m)?
0
Let v be (-4)/(24/(-18))*(1 + 0). Let f(b) = -2 + 8*b**3 - 9*b**v - 10*b**2 + 1 + 11*b. Determine f(-11).
-1
Let c(y) = -3*y**2 - 3*y + 2. Let l(h) = -h + 8 + 0*h**2 - 3*h**2 - h - 6. Let j(o) = -3*c(o) + 4*l(o). Calculate j(-2).
-12
Let z(q) be the second derivative of -q**4/12 + 11*q**3/6 + 11*q**2/2 + 17*q + 4. Determine z(12).
-1
Let t = 1196 - 1193. Let a(m) = m**2 + 2*m - 13. Calculate a(t).
2
Let o(j) = j**3 + j**2 + j - 5. Suppose 3*h - 8 = h. Suppose -9 = s - 3*s - 3*w, 0 = h*s - 5*w + 15. Calculate o(s).
-5
Let n(l) = 21*l**2 - 6*l - 4*l**2 - 6*l**2 - 2*l**2 - 8*l**2 - 5. Let k = -36 - -58. Let m = -15 + k. Calculate n(m).
2
Let i(k) be the first derivative of -11*k**2/2 + 2. Let w be i(-1). Suppose w*t = 7*t. Let s(z) = -z**3 + z**2 + z - 3. What is s(t)?
-3
Let b(o) = o + 2. Let p(j) = -j + 9. Let u(i) = 2*b(i) - p(i). Let r be (-30)/8 - 5/20. Let s be (2 - 8)/(6/r). Give u(s).
7
Let d(p) = -4*p**